6
In base 5, what is 243133230130 - -1?
243133230131
In base 16, what is -12ebc36 + -b?
-12ebc41
In base 9, what is 20567526 - -4?
20567531
In base 15, what is -2238aa - -3?
-2238a7
In base 7, what is 163 - 12423155?
-12422662
In base 13, what is a1 + -1b50ac?
-1b500b
In base 4, what is 22122 + 32023112?
32111300
In base 11, what is -12a4 - 404a4?
-41798
In base 9, what is 4 - -26708122?
26708126
In base 14, what is 10748b97 - 3?
10748b94
In base 14, what is c9aa9d - -15?
c9aab4
In base 4, what is 103133130123300 + 0?
103133130123300
In base 8, what is 1150 + 2003?
3153
In base 4, what is 112 + -2011320133?
-2011320021
In base 16, what is -5 - -8d900e?
8d9009
In base 14, what is 24bcca5 + 4?
24bcca9
In base 6, what is -2004052 + 103?
-2003545
In base 11, what is 2781a + 4131?
30950
In base 16, what is b + -52b9a4?
-52b999
In base 12, what is -26487546 + 2?
-26487544
In base 4, what is 221301333 + -2300?
221233033
In base 8, what is 47 - 423030?
-422761
In base 14, what is 684298 - -47?
684301
In base 11, what is 17a - 14096a?
-1407a0
In base 14, what is 2d02a + -55b?
2c8ad
In base 3, what is 2000120 - -22022101?
101022221
In base 2, what is 110010 + 1001001111100100001111?
1001001111100101000001
In base 10, what is -2348 + 1149?
-1199
In base 9, what is 10026 + -12485?
-2458
In base 10, what is 76 + 996375?
996451
In base 10, what is -1657148 - -23?
-1657125
In base 6, what is 5442 + -3524405?
-3514523
In base 5, what is -31 - -2341021112?
2341021031
In base 6, what is 33455 + -125541?
-52042
In base 3, what is 110201211211100 - -2?
110201211211102
In base 8, what is -263542 + -3405?
-267147
In base 5, what is 1 - 123204040343?
-123204040342
In base 14, what is 0 - b1b6b3?
-b1b6b3
In base 16, what is 3dcf8 - -122?
3de1a
In base 10, what is -120539 - 3?
-120542
In base 10, what is -1436 + -1860?
-3296
In base 12, what is -a644300 - 5?
-a644305
In base 15, what is -9 - -ab896?
ab88c
In base 11, what is 9636 + 303?
9939
In base 9, what is -8754 - -2548?
-6205
In base 16, what is 25f8dab + -1?
25f8daa
In base 2, what is -101001111 - 110000001111010?
-110000111001001
In base 12, what is -9 + 3b399a0?
3b39993
In base 13, what is 4 - 2523658?
-2523654
In base 7, what is -16525 + -622216?
-642044
In base 4, what is -2312123 + -13203?
-2331332
In base 16, what is 9a98d4 - -3d?
9a9911
In base 6, what is 5 - -2445501553?
2445502002
In base 7, what is 0 + -5164304563?
-5164304563
In base 8, what is 44 + -15357640?
-15357574
In base 10, what is -1302 + -273916?
-275218
In base 16, what is -763 + -3153?
-38b6
In base 2, what is 100110101001011001110111111 + -11?
100110101001011001110111100
In base 6, what is 5 + 1200242?
1200251
In base 9, what is -1 - -266026831?
266026830
In base 10, what is -74904 - 23?
-74927
In base 14, what is -191036 - -54?
-190dc2
In base 3, what is 11 + -10000101101222?
-10000101101211
In base 12, what is 25901 + -783?
2513a
In base 13, what is 13332204 + 5?
13332209
In base 3, what is 102100010 - 10100?
102012210
In base 13, what is -2a764 + 32?
-2a732
In base 6, what is 1 + 100551522?
100551523
In base 8, what is -521 + -242350?
-243071
In base 16, what is -328 + -1365a?
-13982
In base 12, what is 19 - 342b49?
-342b30
In base 11, what is -259578 - -184?
-2593a4
In base 14, what is 3 - 178c91?
-178c8c
In base 16, what is -17289 + -8e?
-17317
In base 13, what is -4 - c1670c?
-c16713
In base 5, what is -34412404 - 201?
-34413110
In base 4, what is 111013101032 - 302?
111013100130
In base 8, what is 2251607 - 27?
2251560
In base 10, what is -294079981 + 2?
-294079979
In base 10, what is 16200639 - -2?
16200641
In base 4, what is -121032 - -13111202?
12330110
In base 15, what is 152e3 + c0?
153b3
In base 15, what is -18b1e003 + -2?
-18b1e005
In base 6, what is 234 - -514144?
514422
In base 12, what is -27 + -2706b02?
-2706b29
In base 9, what is 105 + -1883425?
-1883320
In base 11, what is -4a62815 + -7?
-4a62821
In base 9, what is 45 - 230871?
-230825
In base 12, what is b40359 - 71?
b402a8
In base 6, what is 20124200214 - -2?
20124200220
In base 3, what is 2 + 10221112121001011?
10221112121001020
In base 8, what is 57023 - 52?
56751
In base 6, what is 21354 - -2115554?
2141352
In base 16, what is -3 - -ba6d0a?
ba6d07
In base 14, what is -2 + 45badd3?
45badd1
In base 6, what is 1153015 - 3552?
1145023
In base 3, what is -200 + -210111111002222?
-210111111010122
In base 16, what is e75 - 187?
cee
In base 3, what is 10 - -200221122020102?
200221122020112
In base 16, what is -894ce - -1a?
-894b4
In base 5, what is 3024034322 - 3?
3024034314
In base 12, what is -2 - -5a43b2?
5a43b0
In base 10, what is -637 - 8911?
-9548
In base 12, what is 355073 + 2a?
3550a1
In base 5, what is -2222244010 + -4?
-2222244014
In base 8, what is -31 - -7070130?
7070077
In base 3, what is -2 + -121001212020000?
-121001212020002
In base 12, what is -363 - -38ab0?
38749
In base 9, what is 16 - -2615217?
2615234
In base 6, what is 15 + -111330551?
-111330532
In base 11, what is -629aa + 90?
-6291a
In base 16, what is -5 - -1f27b5?
1f27b0
In base 8, what is 21305 - -305251?
326556
In base 11, what is -2 - -2117a463?
2117a461
In base 11, what is a01a196 - 67?
a01a12a
In base 3, what is -20202222012022 + 10?
-20202222012012
In base 4, what is 303213210212 + -21?
303213210131
In base 6, what is -4450452 - -12505?
-4433543
In base 14, what is 106087 + -40?
106047
In base 2, what is 1101010100010 - 1111000000?
1011011100010
In base 6, what is -354301031 - 21?
-354301052
In base 9, what is -17887024 - 0?
-17887024
In base 11, what is 912175 + a?
912184
In base 8, what is -37 + -105014137?
-105014176
In base 7, what is 155232233 - 14?
155232216
In base 6, what is 2024521301 - 51?
2024521210
In base 7, what is 24555335 - -11?
24555346
In base 6, what is 2 + -33010413?
-33010411
In base 10, what is 4 + -450959541?
-450959537
In base 7, what is 2020002 + 1?
2020003
In base 11, what is 495946 + 1?
495947
In base 9, what is -577206 - -15?
-577181
In base 6, what is -14100145 + -22?
-14100211
In base 14, what is 81905 + -4?
81901
In base 3, what is 22 + 120111112110021?
120111112110120
In base 10, what is 1135442 - 4?
1135438
In base 16, what is -77a5 + 1b67?
-5c3e
In base 6, what is 21 - 4024112?
-4024051
In base 3, what is 1102002121 + 120100110?
1222110001
In base 9, what is -22 - 813172?
-813204
In base 12, what is -a16 + 4595?
377b
In base 2, what is 1110010 - -1101000011101?
1101010001111
In base 8, what is 167 - -1776542?
1776731
In base 4, what is 1001330222 - -200020?
1002130302
In base 16, what is -a40 + -746f?
-7eaf
In base 11, what is -a923 + 33083?
23260
In base 11, what is 47 + 3a08076?
3a08112
In base 13, what is -454 - 19b?
-622
In base 12, what is 3356a1 - -1?
3356a2
In base 9, what is 564444235 + 5?
564444241
In base 15, what is 10cb21 + 2?
10cb23
In base 11, what is 1a02 + 1751?
3653
In base 13, what is 99aa - -3a5?
a082
In base 8, what is 1057476775 + -2?
1057476773
In base 13, what is 1a - -88b5c0?
88b60a
In base 16, what is 18025a97 - 2?
18025a95
In base 7, what is 31 + 6441134?
6441165
In base 12, what is 12308894 - b?
12308885
In base 2, what is -10000100100100010011111 - -101?
-10000100100100010011010
In base 4, what is 202222 - -102010010?
102212232
In base 8, what is 0 - -6513500?
6513500
In base 4, what is -1300203 - 2121222?
-10022031
In base 10, what is 31203 - 154?
31049
In base 3, what is 2112111 - -2120010012?
2122122200
In base 8, what is -2457633 + -17?
-2457652
In base 3, what is 10111002 + 200220020?
211101022
In base 10, what is -16411562 + -3?
-16411565
In base 9, what is -6 + 17887838?
17887832
In base 3, what is 112100100200021200 - 2?
112100100200021121
In base 11, what is -a - -58548782?
58548773
In base 6, what is 342111 - 1042?
341025
In base 11, what is -3 - 5809a97?
-5809a9a
In base 16, what is 120f127 + 0?
120f127
In base 9, what is -360463364 + -2?
-360463366
In base 16, what is 6dc7f + 5a?
6dcd9
In base 3, what is 110200000200202 - -110?
110200000201012
In base 5, what is 341330112033 + -10?
341330112023
In base 10, what is 1217052 - 131?
1216921
In base 16, what is af259 - -4?
af25d
In base 16, what is 105 - 1abd1?
-1aacc
In base 3, what is 100 + -2211112110?
-2211112010
In base 2, what is 1010101 - -10001011100111110110